{"id":211,"date":"2023-04-15T18:13:06","date_gmt":"2023-04-15T18:13:06","guid":{"rendered":"https:\/\/frojdstoolbox.se\/?page_id=211"},"modified":"2023-05-29T21:51:25","modified_gmt":"2023-05-29T21:51:25","slug":"rundabordssamtal-tillgangligt-20-4","status":"publish","type":"page","link":"https:\/\/frojdstoolbox.se\/?page_id=211","title":{"rendered":"Rundabordssamtal"},"content":{"rendered":"\n<div id=\"wp-block-themeisle-blocks-advanced-columns-f948aa09\" class=\"wp-block-themeisle-blocks-advanced-columns has-1-columns has-desktop-equal-layout has-tablet-equal-layout has-mobile-equal-layout has-vertical-unset\"><div class=\"wp-block-themeisle-blocks-advanced-columns-overlay\"><\/div><div class=\"innerblocks-wrap\">\n<div id=\"wp-block-themeisle-blocks-advanced-column-f1d77af6\" class=\"wp-block-themeisle-blocks-advanced-column\">\n<figure class=\"wp-block-image aligncenter is-resized is-style-rounded\"><img loading=\"lazy\" decoding=\"async\" src=\"https:\/\/frojdstoolbox.se\/wp-content\/uploads\/2023\/04\/Kennet-Frojd-portrattfoto-scaled.jpg\" alt=\"\" class=\"wp-image-212\" width=\"242\" height=\"303\" srcset=\"https:\/\/frojdstoolbox.se\/wp-content\/uploads\/2023\/04\/Kennet-Frojd-portrattfoto-scaled.jpg 2048w, https:\/\/frojdstoolbox.se\/wp-content\/uploads\/2023\/04\/Kennet-Frojd-portrattfoto-240x300.jpg 240w, https:\/\/frojdstoolbox.se\/wp-content\/uploads\/2023\/04\/Kennet-Frojd-portrattfoto-819x1024.jpg 819w, https:\/\/frojdstoolbox.se\/wp-content\/uploads\/2023\/04\/Kennet-Frojd-portrattfoto-768x960.jpg 768w, https:\/\/frojdstoolbox.se\/wp-content\/uploads\/2023\/04\/Kennet-Frojd-portrattfoto-1229x1536.jpg 1229w, https:\/\/frojdstoolbox.se\/wp-content\/uploads\/2023\/04\/Kennet-Frojd-portrattfoto-1638x2048.jpg 1638w\" sizes=\"auto, (max-width: 242px) 100vw, 242px\" \/><\/figure>\n\n\n\n<div id=\"wp-block-themeisle-blocks-advanced-columns-07f9e39b\" class=\"wp-block-themeisle-blocks-advanced-columns alignfull has-1-columns has-desktop-equal-layout has-tablet-equal-layout has-mobile-collapsedRows-layout has-vertical-center ticss-c00aadba\"><div class=\"wp-block-themeisle-blocks-advanced-columns-overlay\"><\/div><div class=\"innerblocks-wrap\">\n<div id=\"wp-block-themeisle-blocks-advanced-column-9bce96d7\" class=\"wp-block-themeisle-blocks-advanced-column\">\n<p id=\"wp-block-themeisle-blocks-advanced-heading-63134771\" class=\"wp-block-themeisle-blocks-advanced-heading wp-block-themeisle-blocks-advanced-heading-63134771\">Dynamiska samtal med expertgrupper<\/p>\n\n\n\n<p>Rundabordssamtalen \u00e4r &#8211; av naturliga sk\u00e4l &#8211; lite l\u00e4ngre \u00e4n \u00f6vriga intervjuer. H\u00e4r m\u00f6ts internationellt ledande experter p\u00e5 olika omr\u00e5den, som \u00e4r viktiga f\u00f6r skolan och v\u00e5ra elever.<\/p>\n\n\n\n<p>Det varvas med helt svenska samtal med nationellt ledande experter, som naturligtvis ofta samtidigt inneb\u00e4r internationell toppklass.<\/p>\n\n\n\n<p><br>Rundabordssamtalen \u00e4r n\u00e4stan alltid multiprofessionella, men ibland l\u00e5ter vi dem ocks\u00e5 s.a.s. bli lite &#8221;n\u00f6rdiga&#8221;, v\u00e4ldigt positivt menat. Det inneb\u00e4r att vissa samtal kommer att best\u00e5 av experter p\u00e5 enbart samma omr\u00e5de, men som \u00e4nd\u00e5 har lite olika perspektiv och infallsvinklar f\u00f6r att de ska bli verkligt dynamiska. En grundtanke med samtalen \u00e4r att de ska vara inkluderande p\u00e5 s\u00e5 s\u00e4tt att du som tittar &#8211; oavsett bakgrund eller f\u00f6rkunskaper &#8211; alltid skall f\u00e5 med dig n\u00e5got nytt fr\u00e5n samtalet, d.v.s. f\u00e5 mer beh\u00e5llning \u00e4n att f\u00e5 bekr\u00e4ftelse p\u00e5 det du redan kan.<\/p>\n\n\n\n<p>Den andra grundtanken \u00e4r att rundabordssamtalen ska f\u00e5 dig som tittare att t\u00e4nka och reflektera \u00f6ver din egen undervisning eller ditt eget ledarskap. Ibland kommer ju samtalen kanske att leda till fler fr\u00e5gor \u00e4n svar, men kan samtidigt leda till att du sj\u00e4lv eller att du tillsammans med kollegor kommer fram till era egna svar och anv\u00e4nder dem p\u00e5 din\/er skola.<\/p>\n<\/div>\n<\/div><\/div>\n<\/div>\n<\/div><\/div>\n\n\n\n<div id=\"wp-block-themeisle-blocks-advanced-columns-d87d87fb\" class=\"wp-block-themeisle-blocks-advanced-columns alignfull has-1-columns has-desktop-equal-layout has-tablet-equal-layout has-mobile-collapsedRows-layout has-vertical-center ticss-c00aadba\"><div class=\"wp-block-themeisle-blocks-advanced-columns-overlay\"><\/div><div class=\"innerblocks-wrap\">\n<div id=\"wp-block-themeisle-blocks-advanced-column-60dad16e\" class=\"wp-block-themeisle-blocks-advanced-column\">\n<div id=\"wp-block-themeisle-blocks-advanced-columns-d2e20cf0\" class=\"wp-block-themeisle-blocks-advanced-columns has-1-columns has-desktop-equal-layout has-tablet-equal-layout has-mobile-equal-layout has-vertical-center\"><div class=\"wp-block-themeisle-blocks-advanced-columns-overlay\"><\/div><div class=\"innerblocks-wrap\">\n<div id=\"wp-block-themeisle-blocks-advanced-column-05d18d48\" class=\"wp-block-themeisle-blocks-advanced-column\">\n<h2 id=\"wp-block-themeisle-blocks-advanced-heading-a0f1691e\" class=\"wp-block-themeisle-blocks-advanced-heading wp-block-themeisle-blocks-advanced-heading-a0f1691e\">Rundabordssamtal 1 <\/h2>\n\n\n\n<p>H\u00e4r f\u00e5r du m\u00f6ta n\u00e5gra av v\u00e4rldens verkliga giganter inom utbildning med fokus p\u00e5 evidensbaserade l\u00e4rstrategier. I det h\u00e4r samtalet medverkar fem g\u00e4ster.<\/p>\n\n\n\n<p>Du f\u00e5r m\u00f6ta professor&nbsp;<strong>Dylan Wiliam<\/strong>, starkt f\u00f6rknippad med och kanske mest k\u00e4nd som en av de st\u00f6rsta &#8211; kanske den st\u00f6rsta &#8211; inom formativ bed\u00f6mning. Han h\u00e5ller h\u00f6g internationell klass inom flera omr\u00e5den av l\u00e4rande, vilket g\u00f6r honom till en verkligt sp\u00e4nnande samtalspartner i ett rundabordssamtal. <\/p>\n\n\n\n<p>Vidare f\u00e5r du m\u00f6ta professorerna&nbsp;<strong>Elizabeth och Robert Bjork<\/strong>, som betytt mycket f\u00f6r forskning&nbsp;kring minnesfunktioner och l\u00e4rande i ett globalt perspektiv. De har utifr\u00e5n sina insatser ocks\u00e5 f\u00e5tt sitt forskningslabb p\u00e5 UCLA i Los Angeles uppkallat efter sig;&nbsp;<em>Bjork Learning and Forgetting La<\/em>b. <\/p>\n\n\n\n<p>Vidare f\u00e5r du tr\u00e4ffa<strong>&nbsp;Efrat Furst<\/strong>&nbsp;&#8211; nu till vardags verksam i Tel Aviv vid ett center f\u00f6r forskning och utbildning inom l\u00e4rarutbildning &#8211; som f\u00f6rst disputerade inom neurovetenskap med fokus p\u00e5&nbsp;<em>Human learning and Memory<\/em>.&nbsp; Efter det utbildade hon sig till l\u00e4rare. Hon uppt\u00e4ckte och upplevde d\u00e5 att hennes forskningsomr\u00e5de och praktik inte riktigt h\u00e4ngde ihop och gav synergier. S\u00e5 nu verkar hon f\u00f6r att l\u00e4nka forskning och praktik (= undervisning). Professorerna Wiliam, Bjork och Bjork \u00e4r redan giganter eller kanske snarare legendarer inom utbildningsomr\u00e5det, men bli inte \u00f6verraskad om Efrat&nbsp;Furst ocks\u00e5 kommer att r\u00e4knas dit. Hon \u00e4r en oerh\u00f6rt intressant kompetens, som vi kommer att f\u00e5 h\u00f6ra mycket mer om och ifr\u00e5n. Gruppen blir s\u00e5 komplett och v\u00e4ldigt dynamisk&nbsp;genom att \u00e4nnu en kompetens och ett expertomr\u00e5de finns med i mixen. <\/p>\n\n\n\n<p>H\u00e4r har vi professor&nbsp;<strong>Marc Brackett<\/strong>, som till vardags \u00e4r grundare av och chef&nbsp;f\u00f6r&nbsp;<em>Yale Center for Emotional Intelligence<\/em>&nbsp;samt professor vid Yale School of Medicine och deras&nbsp;<em>Child Study Centre<\/em>. Professor Brackett \u00e4r en av v\u00e4rldens fr\u00e4msta experter inom ett omr\u00e5de som kallas socioemotionellt l\u00e4rande och han har s\u00e4rskilt fokus och s\u00e4rskilt stort expertis kopplat till k\u00e4nslor och emotioner kopplat till elevers v\u00e4lm\u00e5ende och l\u00e4rande. Mot bakgrund av skolans b\u00e5da uppdrag uppdrag d\u00e4r h\u00e4lsa och l\u00e4rande ska g\u00e5 hand i hand &#8211;&nbsp; i kombination med de omfattande utmaningar vi har med psykisk&nbsp;oh\u00e4lsa bland v\u00e5ra skolungdomar &#8211; k\u00e4nns det angel\u00e4get att f\u00e5 med det perspektivet. S\u00e5 det h\u00e4r rundabordssamtalet&nbsp;\u00e4r med en verkligt multiprofessionell grupp av absolut h\u00f6gsta klass inom deltagarnas olika respektive expertomr\u00e5den. Deltagarna upplevde samtalet som mycket givande f\u00f6r dem sj\u00e4lva s\u00e5 vi hoppas och tror att ocks\u00e5 du som&nbsp;tittare kommer att uppskatta det och f\u00e5 stor beh\u00e5llning av det.<\/p>\n<\/div>\n<\/div><\/div>\n\n\n\n<div id=\"wp-block-themeisle-blocks-advanced-columns-be71e345\" class=\"wp-block-themeisle-blocks-advanced-columns has-5-columns has-desktop-equal-layout has-tablet-twoColumnGrid-layout has-mobile-collapsedRows-layout has-vertical-top\"><div class=\"wp-block-themeisle-blocks-advanced-columns-overlay\"><\/div><div class=\"innerblocks-wrap\">\n<div id=\"wp-block-themeisle-blocks-advanced-column-e373838a\" class=\"wp-block-themeisle-blocks-advanced-column\">\n<figure class=\"wp-block-image size-large is-style-rounded\"><img loading=\"lazy\" decoding=\"async\" width=\"1024\" height=\"1024\" src=\"https:\/\/frojdstoolbox.se\/wp-content\/uploads\/2023\/03\/Wiliam_Dylan-1024x1024.jpg\" alt=\"\" class=\"wp-image-164\" srcset=\"https:\/\/frojdstoolbox.se\/wp-content\/uploads\/2023\/03\/Wiliam_Dylan-1024x1024.jpg 1024w, https:\/\/frojdstoolbox.se\/wp-content\/uploads\/2023\/03\/Wiliam_Dylan-300x300.jpg 300w, https:\/\/frojdstoolbox.se\/wp-content\/uploads\/2023\/03\/Wiliam_Dylan-150x150.jpg 150w, https:\/\/frojdstoolbox.se\/wp-content\/uploads\/2023\/03\/Wiliam_Dylan-768x768.jpg 768w, https:\/\/frojdstoolbox.se\/wp-content\/uploads\/2023\/03\/Wiliam_Dylan.jpg 1200w\" sizes=\"auto, (max-width: 1024px) 100vw, 1024px\" \/><\/figure>\n\n\n\n<h3 id=\"wp-block-themeisle-blocks-advanced-heading-a0f377e3\" class=\"wp-block-themeisle-blocks-advanced-heading wp-block-themeisle-blocks-advanced-heading-a0f377e3\">Dylan Wiliam<\/h3>\n<\/div>\n\n\n\n<div id=\"wp-block-themeisle-blocks-advanced-column-956fcf84\" class=\"wp-block-themeisle-blocks-advanced-column\">\n<figure class=\"wp-block-image size-full is-resized is-style-rounded\"><img loading=\"lazy\" decoding=\"async\" src=\"https:\/\/frojdstoolbox.se\/wp-content\/uploads\/2023\/04\/unnamed-1.png\" alt=\"\" class=\"wp-image-215\" width=\"199\" height=\"199\" srcset=\"https:\/\/frojdstoolbox.se\/wp-content\/uploads\/2023\/04\/unnamed-1.png 200w, https:\/\/frojdstoolbox.se\/wp-content\/uploads\/2023\/04\/unnamed-1-150x150.png 150w\" sizes=\"auto, (max-width: 199px) 100vw, 199px\" \/><\/figure>\n\n\n\n<h3 id=\"wp-block-themeisle-blocks-advanced-heading-16fc6df3\" class=\"wp-block-themeisle-blocks-advanced-heading wp-block-themeisle-blocks-advanced-heading-16fc6df3\">Efrat Furst<\/h3>\n<\/div>\n\n\n\n<div id=\"wp-block-themeisle-blocks-advanced-column-7e32a82b\" class=\"wp-block-themeisle-blocks-advanced-column\">\n<figure class=\"wp-block-image size-full is-resized is-style-rounded\"><img loading=\"lazy\" decoding=\"async\" src=\"https:\/\/frojdstoolbox.se\/wp-content\/uploads\/2023\/04\/unnamed-1-1.png\" alt=\"\" class=\"wp-image-217\" width=\"176\" height=\"203\" srcset=\"https:\/\/frojdstoolbox.se\/wp-content\/uploads\/2023\/04\/unnamed-1-1.png 284w, https:\/\/frojdstoolbox.se\/wp-content\/uploads\/2023\/04\/unnamed-1-1-260x300.png 260w\" sizes=\"auto, (max-width: 176px) 100vw, 176px\" \/><\/figure>\n\n\n\n<h3 id=\"wp-block-themeisle-blocks-advanced-heading-5cdd08a0\" class=\"wp-block-themeisle-blocks-advanced-heading wp-block-themeisle-blocks-advanced-heading-5cdd08a0\">Marc Brackett<\/h3>\n<\/div>\n\n\n\n<div id=\"wp-block-themeisle-blocks-advanced-column-47c7b5bd\" class=\"wp-block-themeisle-blocks-advanced-column\">\n<figure class=\"wp-block-image size-full is-resized is-style-rounded\"><img loading=\"lazy\" decoding=\"async\" src=\"https:\/\/frojdstoolbox.se\/wp-content\/uploads\/2023\/04\/unnamed-2.png\" alt=\"\" class=\"wp-image-216\" width=\"216\" height=\"221\"\/><\/figure>\n\n\n\n<h3 id=\"wp-block-themeisle-blocks-advanced-heading-d67c0dbf\" class=\"wp-block-themeisle-blocks-advanced-heading wp-block-themeisle-blocks-advanced-heading-d67c0dbf\">Elizabeth Bjork<\/h3>\n<\/div>\n\n\n\n<div id=\"wp-block-themeisle-blocks-advanced-column-8f77bb31\" class=\"wp-block-themeisle-blocks-advanced-column\">\n<figure class=\"wp-block-image size-full is-resized is-style-rounded\"><img loading=\"lazy\" decoding=\"async\" src=\"https:\/\/frojdstoolbox.se\/wp-content\/uploads\/2023\/04\/unnamed-3.png\" alt=\"\" class=\"wp-image-214\" width=\"210\" height=\"210\"\/><\/figure>\n\n\n\n<h3 id=\"wp-block-themeisle-blocks-advanced-heading-64954aeb\" class=\"wp-block-themeisle-blocks-advanced-heading wp-block-themeisle-blocks-advanced-heading-64954aeb\">Robert Bjork<\/h3>\n<\/div>\n<\/div><\/div>\n<\/div>\n<\/div><\/div>\n\n\n\n<figure class=\"wp-block-embed is-type-video is-provider-youtube wp-block-embed-youtube wp-embed-aspect-16-9 wp-has-aspect-ratio\"><div class=\"wp-block-embed__wrapper\">\n<iframe loading=\"lazy\"  id=\"_ytid_65587\"  width=\"800\" height=\"450\"  data-origwidth=\"800\" data-origheight=\"450\" src=\"https:\/\/www.youtube.com\/embed\/qmdiirnKJQA?enablejsapi=1&#038;autoplay=0&#038;cc_load_policy=0&#038;cc_lang_pref=&#038;iv_load_policy=1&#038;loop=0&#038;rel=1&#038;fs=1&#038;playsinline=0&#038;autohide=2&#038;theme=dark&#038;color=red&#038;controls=1&#038;disablekb=0&#038;\" class=\"__youtube_prefs__  epyt-is-override  no-lazyload\" title=\"YouTube player\"  allow=\"fullscreen; accelerometer; autoplay; clipboard-write; encrypted-media; gyroscope; picture-in-picture; web-share\" referrerpolicy=\"strict-origin-when-cross-origin\" allowfullscreen data-no-lazy=\"1\" data-skipgform_ajax_framebjll=\"\"><\/iframe>\n<\/div><\/figure>\n","protected":false},"excerpt":{"rendered":"","protected":false},"author":1,"featured_media":0,"parent":0,"menu_order":0,"comment_status":"closed","ping_status":"closed","template":"","meta":{"om_disable_all_campaigns":false,"_monsterinsights_skip_tracking":false,"_monsterinsights_sitenote_active":false,"_monsterinsights_sitenote_note":"","_monsterinsights_sitenote_category":0,"_themeisle_gutenberg_block_has_review":false,"footnotes":""},"class_list":["post-211","page","type-page","status-publish","hentry"],"aioseo_notices":[],"_links":{"self":[{"href":"https:\/\/frojdstoolbox.se\/index.php?rest_route=\/wp\/v2\/pages\/211","targetHints":{"allow":["GET"]}}],"collection":[{"href":"https:\/\/frojdstoolbox.se\/index.php?rest_route=\/wp\/v2\/pages"}],"about":[{"href":"https:\/\/frojdstoolbox.se\/index.php?rest_route=\/wp\/v2\/types\/page"}],"author":[{"embeddable":true,"href":"https:\/\/frojdstoolbox.se\/index.php?rest_route=\/wp\/v2\/users\/1"}],"replies":[{"embeddable":true,"href":"https:\/\/frojdstoolbox.se\/index.php?rest_route=%2Fwp%2Fv2%2Fcomments&post=211"}],"version-history":[{"count":9,"href":"https:\/\/frojdstoolbox.se\/index.php?rest_route=\/wp\/v2\/pages\/211\/revisions"}],"predecessor-version":[{"id":283,"href":"https:\/\/frojdstoolbox.se\/index.php?rest_route=\/wp\/v2\/pages\/211\/revisions\/283"}],"wp:attachment":[{"href":"https:\/\/frojdstoolbox.se\/index.php?rest_route=%2Fwp%2Fv2%2Fmedia&parent=211"}],"curies":[{"name":"wp","href":"https:\/\/api.w.org\/{rel}","templated":true}]}}